e 0*j = -4*j + 8. Suppose 4*v - 35 = -5*i, -3*v + j*v = 3*i. What is the tens digit of v?
1
Let z = 0 + 2. Let j = z - 0. Suppose -3*u + 24 = 5*a, -6*a = -j*u - 5*a + 29. What is the tens digit of u?
1
Suppose -3*s + 2*a - 242 = 0, -a = 2*s + a + 148. Let v = s + 120. What is the tens digit of v?
4
Suppose -2*p + 20 = 2*w, -3*w + 5*w = 2*p - 20. Let y be -1*1/(-1) - -3. Let v = p - y. What is the units digit of v?
6
Suppose -2 - 1 = 3*u. What is the units digit of 1 + ((-20)/u)/2?
1
Let n be 3/((-1)/3*-3). Let d(r) = -5*r + n - 2*r - 2. What is the units digit of d(-1)?
8
Suppose -15 = -3*j - 2*j. Suppose 3 + 12 = j*v. What is the units digit of v?
5
Let g = -165 + 295. What is the hundreds digit of g?
1
Let v(n) = n**3 + 50. Let y be v(0). Suppose 4*u + 34 = 4*p - y, -3*p + 4*u + 62 = 0. What is the units digit of p?
2
Suppose 17 = -k + 2*k. Suppose -2*u = j + 2 - k, -3*u + 33 = 2*j. What is the units digit of j?
1
Let p(i) = -i**3 - 3*i**2 + 8*i + 5. Let l be p(-5). Let z = l - 10. What is the units digit of z?
5
Let s(p) = -p**2 + 3*p + 2. Let m be s(4). Let w = 7 + m. Let n = w - 3. What is the units digit of n?
2
Let y = -3 - -3. Suppose 0*l - 4*l + 3*w + 28 = y, -21 = -3*l - w. What is the units digit of l?
7
Suppose 19*y = 26*y - 7. What is the units digit of y?
1
Suppose -5*v - 2*r - 25 = 2, 4*r + 24 = -4*v. What is the units digit of v*((-26)/10 + 0)?
3
Let a(l) = 26*l**2 + 4*l - 10. What is the tens digit of a(3)?
3
Let i = 17 - 7. Let c = i - 1. What is the units digit of c?
9
Suppose -2*b + 240 = -4*r, -2*r + r - 564 = -5*b. What is the units digit of b?
2
Let l(d) be the third derivative of -5/24*d**4 + 2*d**2 + 1/3*d**3 + 0 + 0*d. What is the units digit of l(-3)?
7
Suppose 4*y + 31 = 3*j - 16, 5*j - 4*y = 81. Suppose 0 = 5*f + 72 - 207. Let r = f - j. What is the tens digit of r?
1
Let d = -28 + 49. What is the units digit of d?
1
Let c(k) = -3 + 1 + k**2 - 4*k + 0 + 13*k. What is the units digit of c(-10)?
8
Suppose -5*p = -3*t - 105, 3*p - 5*t = 93 - 14. Suppose -p = -7*o + 4*o. Suppose o*h - h = 20. What is the units digit of h?
4
Let c(n) = -n + 3. Let l be c(-6). Let y = l - 7. Suppose 7*k = y*k + 60. What is the units digit of k?
2
Let c(i) = 11*i**2 - 2*i - 13. What is the hundreds digit of c(4)?
1
Let q(w) = w**3 - 8*w**2 - 8*w - 4. Let z be q(9). Suppose i + 8 = z*j - 5, 0 = 2*i + j - 18. Suppose -3*a + 28 = i. What is the units digit of a?
7
Suppose 0 = -4*n - 0*n + 3*k + 6, 5*k = -3*n - 10. Suppose 4*z - 3 - 1 = n. What is the tens digit of -8*(11/(-4) + z)?
1
Suppose 2 = 2*r - 2. Suppose -3*v - r*t = 16, v - 18 = -0*v + 4*t. Let h = -1 - v. What is the units digit of h?
1
Let u be 2/(-3) - (-102)/18. Suppose u*f - 2*g - 18 = 0, g + 0*g = -4. Suppose 0*m + 16 = 3*m - f*v, 12 = 3*v. What is the units digit of m?
8
Suppose 2*n + 2*t - 3*t = 0, -5*n + 5*t = 10. Suppose n*l - l = 15. What is the tens digit of l?
1
Let s(i) = i + 2. Suppose -3*x - 2*z + 5*z - 6 = 0, 5*x - z = 10. What is the units digit of s(x)?
5
Suppose -3 + 49 = t. Suppose -t = -p + 2*v, 0 = p + 3*v - 2*v - 37. Suppose p = d + 4*d. What is the units digit of d?
8
Let m(q) = 9*q - 4. What is the units digit of m(8)?
8
Let o(z) = z**2 - 9*z - 7. Let p be o(10). Suppose a = 2*a - p. What is the units digit of a?
3
Let h(t) = 3*t - 3. Let x be h(-5). Let r = x - -44. What is the units digit of r?
6
Let o(w) = -w**3 + 7*w**2 - 3*w + 5. Let n be o(6). Let m = 85 + -80. Suppose z + n = 4*z - m*f, -3*f = 5*z - 61. What is the tens digit of z?
1
Let b(i) = -56*i + 1. Let a be b(-1). Let u = 1 - 1. Suppose u = p + j - 3, j - a = -4*p + 6*j. What is the units digit of p?
8
Suppose -2*f + 3*w = -0*w + 22, -10 = f - w. Let i(m) = m**3 + 7*m**2 - 9*m + 4. What is the units digit of i(f)?
2
Let r be 1 + (1 - (-2)/(-1)). Suppose 6*f - 2*f - 16 = r. Suppose -5*u = -10, 2*u + 32 = f*w - 16. What is the tens digit of w?
1
Let q(y) = -7*y**3 + 2*y**2 + y + 1. Let p be q(2). Let z = -25 - p. What is the units digit of z?
0
Let f be (2/1)/(3/3). Suppose f*w = w + 5. What is the units digit of w?
5
Let s(o) = 22*o - 15. What is the tens digit of s(7)?
3
Let z = 12 - -10. What is the units digit of z?
2
Let j(t) = 9*t**3 - t**2. Suppose -5*s - 2*d - 31 = 0, 25 = -2*s - 2*d - 3*d. Let h be s/(-3) - (-2)/(-3). What is the units digit of j(h)?
8
Let q be 1/(-6) - 57/(-18). Suppose -q*b - 6 = -18. What is the units digit of b?
4
Let i = 2 + 1. Let g(y) = -5*y. Let l be g(i). Let s = -5 - l. What is the tens digit of s?
1
Suppose 2*a = -3*i + 510, 16*i + a = 15*i + 171. What is the hundreds digit of i?
1
Suppose 4*s - 156 = -3*r + 47, -5*r - 280 = -5*s. What is the units digit of s?
3
Let v be 1/(1/1)*1. Suppose 13 = 5*u - 2*p, u = -2*p - p - 11. Let f = u + v. What is the units digit of f?
2
Suppose 2*k + 12 = 5*k. Suppose -h - 4 = -5*l, -k*l - 12 = -7*l. What is the tens digit of h?
1
What is the hundreds digit of ((-3)/(-1) - 5) + 119?
1
Let k(m) be the third derivative of m**6/120 + 7*m**5/60 + 7*m**4/24 + m**3/3 + m**2. Let d be k(-6). Let z = d - -14. What is the units digit of z?
0
Let l be (-4)/6*(-3)/2. What is the tens digit of 10/4*(l - -5)?
1
Let z(l) be the first derivative of l**3/3 + 3*l**2 - 3*l - 1. What is the units digit of z(-7)?
4
Suppose 0 = 4*d + 4 - 516. What is the units digit of d?
8
Let p(k) = k**3 - k**2 + k + 4. Let l = -5 - -5. Let x be p(l). Suppose x*n - n - 30 = 0. What is the tens digit of n?
1
Suppose 3*f - 5*i - 346 = -7*i, 5*f - 565 = -i. What is the hundreds digit of f?
1
Let o(c) = -c**3 + c**2 + c + 4. Let r(z) = -5*z**3 + 4*z**2 + 5*z + 16. Let x(l) = 9*o(l) - 2*r(l). Suppose 8*p - 3*p = 0. What is the units digit of x(p)?
4
Let k(w) = -w**3 - 3*w**2 + 2*w + 3. Let x be k(-3). What is the units digit of -6*(x/(-6) - 2)?
9
Let r be -1 + -2 + -1 + 2. What is the units digit of (1/1 - r) + 17?
0
Let q(m) = -25*m**3 - m**2 - 2*m - 1. What is the tens digit of q(-1)?
2
Suppose -4*p + 70 = 14. Suppose 2*n = 3*n + p. What is the units digit of 4/n + 102/14?
7
Let j(g) = g**3 + 3*g**2 - g - 1. Let p be j(-2). Suppose z - 20 = -4*y, p*z - 2*y - 3*y = 100. What is the units digit of z?
0
Suppose 3 = r - 191. What is the tens digit of r?
9
Suppose -13*v - 865 = -18*v. What is the hundreds digit of v?
1
Let q(n) be the first derivative of n**2/2 + 3*n + 1. What is the units digit of q(3)?
6
Suppose -4*g - 4*n + 5 = -3*n, 0 = 4*g - 3*n - 1. Let k be 108/60 + (-2)/(-10). What is the units digit of k/4*(g + 13)?
7
Let b = 11 + -7. Suppose -b*u + 75 = -u. What is the units digit of (-47)/(-5) - 10/u?
9
Let p = -16 + 17. What is the units digit of p?
1
Let f = -24 - -66. What is the units digit of f?
2
Let d(z) = z - 7 - 3*z + 45. What is the units digit of d(0)?
8
Let l = -35 - -59. What is the units digit of l?
4
Let g(h) = h**2 + 9*h - 10. Let l be g(-8). What is the units digit of (l/(-4))/((-27)/(-72))?
2
Let c = 15 + -7. Let d = 11 - c. Suppose -7*o + 5*h + 30 = -3*o, -d*o - 2*h + 11 = 0. What is the units digit of o?
5
Suppose 0*l - 5*l + 60 = 0. What is the tens digit of l?
1
Let t = 23 - 15. Suppose 2*n + 5*p = -17, -t = -2*p - 18. Suppose 0 = -5*j - 4*g + 18, 8*j - n*j - 14 = -3*g. What is the units digit of j?
2
Let j(h) = -h**3 + h**2 + 3. Let g be j(0). What is the units digit of 130/50 + g/(-5)?
2
Suppose -8*o + 4*o + 20 = 0. What is the units digit of 3/1 - (o - 21)?
9
Let y(l) = l - 2. Let t be y(2). Let d = 4 + 2. Let n = t + d. What is the units digit of n?
6
Let f(w) = -6*w - 2. What is the tens digit of f(-2)?
1
What is the units digit of -2*15/(-10)*(-49)/(-3)?
9
Let s(b) = -4*b + 3 - 9 - 9. What is the units digit of s(-7)?
3
Let k(m) = m**2 - 4*m + 4. Let s be k(4). Suppose -s*y - y = -35. What is the units digit of y?
7
Suppose -5*i + 347 + 126 = 2*h, -2*i + 1130 = 5*h. What is the units digit of h?
4
Let i = 7 + -4. Suppose -u + 2 + i = 0. What is the units digit of u?
5
Suppose 13*l - 115 - 54 = 0. What is the tens digit of l?
1
Suppose -2*a = -5*a - 87. Let s = -5 - a. What is the tens digit of s?
2
Let f = 12 + 23. What is the tens digit of f?
3
Suppose 0*l = 3*l - 2*m - 126, -l - 5*m + 59 = 0. What is the tens digit of l?
4
Let s be (-14)/(-10) - (-6)/(-15). Let g be 1 + ((-12)/2 - s). Let j = 3 - g. What is the units digit 